- 7*y + 2*y - 23. Let g = 15 - 17. Let i be 3 - -1 - g/2. Calculate z(i).
0
Let f(s) = -s**3 + 36*s**2 - 288*s + 144. Let i be f(11). Let l(m) = -8*m**3 - 3*m**2 + 2*m. Calculate l(i).
-9
Let n(d) = -d - 21. Suppose 0 = -3*x - 1587 - 5154. Let q be (-6)/(-16) + x/168. Let a be n(q). Let i(k) = k**2 + 7*k - 8. What is i(a)?
0
Let n = -513 - -518. Suppose -2*g - n = 2*k + k, 9 = 3*k. Let d(p) be the first derivative of -p**3/3 - 7*p**2/2 - 2*p + 1. Determine d(g).
-2
Let b = -217 + 231. Let t(k) = 6 + 33*k - 13*k - b*k - 4*k. Suppose -2*c = -4*a + 4, -6 - 26 = -2*c - 5*a. Calculate t(c).
18
Let v(c) = 92*c + 364. Let t be v(-4). Let i(r) = 2*r**2 - 10*r - 28. What is i(t)?
44
Suppose 162 = -3*m - 5*x, -2*m + x - 224 = -142. Let n(b) = b**3 + 45*b**2 + 45*b + 47. Determine n(m).
3
Suppose 5*q + 4*r - 43 = 0, -2*q + 9*r = 5*r - 34. Suppose -y - q*y - 24 = 0. Let j(d) = -3*d**3 - 2*d**2 - 2*d - 1. Determine j(y).
19
Let y be -44*(9/24)/(39/(-26)). Let k(t) = 2*t**2 - 21*t - 5. Calculate k(y).
6
Let o(h) = 11*h**3 + 81*h**2 + 10*h - 103. Let n(k) = -8*k**3 - 54*k**2 - 7*k + 69. Let s(i) = 7*n(i) + 5*o(i). Calculate s(27).
-5
Let n(w) = -w**2 + 6*w + 1. Let b be 195/2*(90/(-25))/(-3). Suppose -b*m + 123*m = 36. What is n(m)?
1
Let z = 455 - 469. Let b(p) = -p**2 - 13*p + 15. What is b(z)?
1
Let i(w) = -6*w**2 - 53*w + 3. Suppose 3*v - 10*n = -4*n - 51, -5*n - 16 = 4*v. Calculate i(v).
-6
Let m(x) = -x**2 - 105*x - 156. Let i(w) = -w**2 - 86*w - 154. Let n(l) = -7*i(l) + 6*m(l). Determine n(22).
10
Let a(g) = -g**2 - 21*g - 14. Let b be (-4905)/315 + 4 + (-31)/7. Determine a(b).
66
Let w(v) = -v - 37. Suppose -5*n = 5*y + 120, -32*n + 63 = -41*n. Give w(y).
-20
Let f(z) = -z**3 - 12*z**2 - 20*z - 6. Let k = 24814 - 24824. Calculate f(k).
-6
Suppose 11 = t - 33. Let o = t - 17. Suppose 0 = o*p - 26*p + 5. Let h(y) = y**3 + 4*y**2 - 6*y - 6. Give h(p).
-1
Let k(l) be the second derivative of -53*l**3/6 + 207*l**2/2 + 3398*l. Determine k(4).
-5
Suppose -5*v - 147 = 4*z - 111, -2*z - 8 = 0. Let p(k) = k**3 + 5*k**2 - 4*k + 6. What is p(v)?
38
Let r(k) = 9*k + 40. Let g(m) = 19*m + 71. Let t(z) = -4*g(z) + 7*r(z). What is t(7)?
-95
Let l(q) = q**3 + 4*q**2 + 8*q + 8. Let o(a) = -a**3 - 4*a**2 - 9*a - 9. Let b(z) = -3*l(z) - 2*o(z). Let x(w) = -w**2 + 7*w - 4. Let i be x(7). Determine b(i).
18
Let r(l) = -2*l + 31. Let y = -252 + 264. Let t be (15/25)/(y/260). Determine r(t).
5
Let x(q) = 2*q - 57. Let a be x(30). Let b(l) = 4*l + 4 - 2 + a - 3 + 6. Determine b(7).
36
Let q(p) = 5*p - 2. Let y(w) = 2*w**2 + 50*w + 78. Let x be y(-24). Suppose -121*f = -106*f - x. Give q(f).
8
Let b(s) = -2*s**2 + 7*s - 1. Let l be 3/8 + (-16709)/(-392). Suppose -168 + l = -25*c. Determine b(c).
-16
Let f(u) = 10*u - 17*u - u**2 + 10*u + 95. Let i be f(-8). Let n(t) = t**3 - 8*t**2 + 6*t - 7. Give n(i).
-14
Let n(y) = y**2 + 3*y - 6. Suppose 530 = 78*g + 177*g - 1000. Determine n(g).
48
Let i(v) = 2*v**2 + 15*v - 21. Let h be 433/(-36) - (-225)/8100. What is i(h)?
87
Let p(i) = 88141*i**3 + 2*i**2 - i - 44070*i**3 - 3 - 44072*i**3. Calculate p(-4).
97
Let f(n) = 21*n**3 - 4*n**2 - 37*n + 2. Let w(x) = 32*x**3 - 6*x**2 - 52*x + 3. Let k(o) = -7*f(o) + 5*w(o). What is k(-1)?
-13
Let x be 9/(-3)*199/(-1). Suppose 240 = 3*c + x. Let t be 425/c + 6/(-14). Let v(q) = q. What is v(t)?
-4
Let m(o) = o**3 - 4*o**2 - 13*o + 9. Let f be m(6). Let n(u) = 12*u - 5*u - f*u - 8. What is n(6)?
16
Let f(y) = y**2 + 22*y + 21. Suppose s - 102 = -8*t + 13*t, 2*t + 3*s + 51 = 0. Give f(t).
0
Suppose -3*v + 12 = -4*j - 23, -5*v = -4*j - 45. Suppose 6 = -6*h + 5*h - 2*b, 20 = -v*h - 5*b. Let u(x) = -34*x - 32*x + 3 + 70*x. Determine u(h).
-5
Let n(a) be the second derivative of -a**4/12 + 10*a**3/3 + 51*a**2/2 - 54*a - 34. Give n(-3).
-18
Suppose 42*v - 46*v = 4*l - 80, -l - 5*v + 20 = 0. Let z(p) = 4*p - 70. Determine z(l).
10
Let b(y) = 9*y + 80. Let m(l) = -11*l - 98. Let h(v) = -5*b(v) - 4*m(v). Give h(2).
-10
Let p(t) be the first derivative of t**5/40 + t**4/12 - 2*t**3/3 - 2*t - 199. Let i(d) be the third derivative of p(d). What is i(5)?
17
Suppose -2*d = -3*o - 3*d - 1, -3*o + 4*d = -19. Let b(y) be the second derivative of 1/2*y**2 + 10 + 0*y**3 - 2*y + 0*y**4 + 1/20*y**5. Give b(o).
2
Let a(q) = 2*q - 11. Let s(u) = -u + 1. Let r(o) = -a(o) - 3*s(o). Let j(x) = x**2 - 4*x - 8. Let h be j(5). Let n be r(h). Let b(y) = -2*y + 5. What is b(n)?
-5
Let t(u) = -u**3 + 48*u**2 + 102*u - 101. Let w be ((-70)/10 - 38/(-6))/((-14)/1050). Determine t(w).
-1
Let v = 71 + -120. Let i = 51 + v. Let b(z) be the second derivative of z**4/3 - z**3/2 - 16*z - 3. Calculate b(i).
10
Let s be 190/25 - 12/20. Let v(m) = -m - 1. Let g(w) = 2*w**2 - 8*w + 11. Let o(b) = -g(b) - 2*v(b). Calculate o(s).
-37
Let q(k) = -506*k - 525*k + 2088*k - 19 - 503*k - 523*k. Give q(2).
43
Let f(p) be the first derivative of -4*p + 36 - 1/3*p**3 - 5/2*p**2. What is f(-4)?
0
Let a(t) = 6*t**3 - t**2 - 2*t + 1. Suppose -482 = -4*q - 38. Suppose 107 = -2*i + q. Calculate a(i).
41
Let o(c) be the first derivative of c**2/2 + c - 59. Let s be (-7)/7*6 - -1. What is o(s)?
-4
Let r be ((-144)/(-33))/2 + 2/(-11). Let a(v) = v - 104*v**2 - 105*v**2 + 220*v**r. Calculate a(-1).
10
Let o be 4/(-30) + (-13090)/825. Let l(a) = -2*a**2 - 32*a + 21. What is l(o)?
21
Let a(l) = 916*l**2 - 13 + 903*l**2 + 4*l - 1827*l**2 + 2*l**3. Determine a(4).
3
Let q(u) be the third derivative of 7*u**4/6 - 8*u**3/3 + 5377*u**2. Calculate q(4).
96
Let f(w) = -2*w + 9. Let x(a) = -a - 1. Suppose 8*r = 26*r - 72. Let m(z) = r*x(z) - f(z). Give m(-12).
11
Let k(o) = o**3 - 10*o**2 - 12*o + 15. Let f be (11 + -4)/((16/4)/16). Let i be f/63 + (-380)/(-36). Determine k(i).
4
Let b(u) = u**2 + 7*u + 3. Let c be b(-7). Suppose c*j + 2 = 17. Let x(i) = 3*i + 0*i + 2*i**3 - j*i**2 - 4 + i**2. Calculate x(3).
23
Let s(u) be the third derivative of -11*u**5/60 + u**3/6 + u**2. Let k be (-2*(0 - -2))/(5/(-230)). Let l be (-23)/k - 18/(-16). Determine s(l).
-10
Let o(l) = 2*l**2 + 4*l - 15. Let k = -5070 + 5077. Give o(k).
111
Let g = 50 + -29. Let n be g/12 + 5/20. Suppose n*w + 8 = 5*x, w - 1 = x + 1. Let t(b) = -b**3 + 6*b**2 + b. Determine t(w).
6
Suppose 5 - 30 = o + 5*d, -3*o = -d - 21. Let t(w) = 3*w**2 - 17*w + 9. Determine t(o).
-1
Suppose 39*b = -62 + 218. Let w(o) = o**3 - 2*o**2 - 7*o - 10. Determine w(b).
-6
Let r(d) = d**2 - 3*d - 1. Let w = 148 + -146. Let q be (-42)/(-6)*1 + (0 - w). Give r(q).
9
Suppose 7*b + 1521 = 5*b - 3*c, -5*c = 4*b + 3045. Let x = b + 758. Let v(l) = -l - 15. Determine v(x).
-8
Let d(v) = 25*v + 2. Let w(u) = 32*u + 3. Let s(q) = -3*d(q) + 2*w(q). Calculate s(1).
-11
Let s(l) be the first derivative of l**4/4 + 2*l**3 - 7*l**2/2 + l - 3149. What is s(-7)?
1
Let s(q) = -10*q - 4*q + 229*q**2 + 35 - 113*q**2 - 117*q**2. What is s(-16)?
3
Let f(j) = 135*j**2 + j + j**3 - 46*j**2 - 21 - 57*j**2 - 40*j**2. Determine f(8).
-13
Let i(z) = -z - 26. Let j(x) = -5*x - 113. Let u(q) = 4*i(q) - j(q). Let k = -9 + 5. What is u(k)?
5
Let r(w) be the second derivative of -3*w + 1/2*w**2 + w**3 - 18. Determine r(3).
19
Suppose f + 4*g = -8 - 0, 3*f - 3*g = 6. Let d be -2 + (-5 + 2 - f). Let a(z) be the second derivative of z**3/6 + 5*z**2/2 - 162*z. What is a(d)?
0
Let q(x) = -7*x**2 + 11*x - 17. Let n(g) = 13*g**2 - 21*g + 32. Let w(c) = -6*n(c) - 11*q(c). Let b = -14 + -69. Let y = b + 88. Calculate w(y).
-5
Suppose -267 = s + 4*x, -5*x + 54 + 832 = -3*s. Let l = 280 + s. Let w(a) = -a + 3. Determine w(l).
10
Let c(j) = 5*j - 4. Let i(x) = -16*x + 12. Let f(v) = 7*c(v) + 2*i(v). Let s(l) = -11*l**2 + l**3 + 6*l**2 - 2 + 5 + l + l**2. Let n be s(3). Calculate f(n).
-13
Let q(l) = l**3 + 5*l**2 + l - 9. Suppose 0 = -85*p + 96*p - 11. Let a be 3/3*4*(-1)/p. Calculate q(a).
3
Suppose -17*n + 21*n = 4*g - 20, -134 = 18*n + 4*g. Let l(b) = b**3 + 5*b**2 - 20*b - 19. What is l(n)?
23
Let s = 24316 + -24317. Let f(g) = -14*g**2 + g + 5. What is f(s)?
-10
Let z be 2*(1 + 3/(-2)). Let b(q) be the first derivative of 393 + 13/3*q**3 - 1/2*q**2 + 0*q. Calculate b(z).
14
Let b = -67 - -15. Let r = b - -61. Let f(c) = -9*c + r*c - c - 3. Determine f(-4).
1
Let h be 2*-1*(2 + 3). Let n(i) be the second derivative of i**5/20 + 3*i**4/4 - 3*i**3/2 + 7*i